{"id":7,"date":"2020-07-09T16:09:15","date_gmt":"2020-07-09T14:09:15","guid":{"rendered":"http:\/\/test.atticaviaggi.it\/?page_id=7"},"modified":"2025-04-15T11:42:44","modified_gmt":"2025-04-15T09:42:44","slug":"chi-siamo","status":"publish","type":"page","link":"http:\/\/www.atticaviaggi.it\/?page_id=7","title":{"rendered":"Chi siamo"},"content":{"rendered":"\t\t<div data-elementor-type=\"wp-page\" data-elementor-id=\"7\" class=\"elementor elementor-7\">\n\t\t\t\t\t\t<section class=\"elementor-section elementor-top-section elementor-element elementor-element-c38d935 elementor-section-content-middle elementor-section-boxed elementor-section-height-default elementor-section-height-default\" data-id=\"c38d935\" data-element_type=\"section\" data-e-type=\"section\">\n\t\t\t\t\t\t<div class=\"elementor-container elementor-column-gap-default\">\n\t\t\t\t\t<div class=\"elementor-column elementor-col-100 elementor-top-column elementor-element elementor-element-38506b4\" data-id=\"38506b4\" data-element_type=\"column\" data-e-type=\"column\">\n\t\t\t<div class=\"elementor-widget-wrap elementor-element-populated\">\n\t\t\t\t\t\t<div class=\"elementor-element elementor-element-5d5559a elementor-widget elementor-widget-text-editor\" data-id=\"5d5559a\" data-element_type=\"widget\" data-e-type=\"widget\" data-widget_type=\"text-editor.default\">\n\t\t\t\t<div class=\"elementor-widget-container\">\n\t\t\t\t\t\t\t\t\t<p>\u00a0<\/p><h5 style=\"text-align: left;\">Nata nel 1995 dalla passione di Laura per il turismo e per i viaggi, Attica Viaggi offre un servizio su misura con pacchetti esclusivi e personalizzati.<\/h5><h5 style=\"text-align: left;\">\u00c8 specializzata nell\u2019organizzazione di viaggi di gruppo, individuali e turismo scolastico, presentando un\u2019ampio ventaglio di proposte nazionali ed internazionali. Da sempre Attica Viaggi seleziona i migliori tour operator per proporre una gamma completa di servizi e rispondere alle esigenze di ogni cliente.<\/h5><h5 style=\"text-align: left;\">Con gli anni \u00e8 diventata simbolo di competenza, seriet\u00e0 ed affidabilit\u00e0.<\/h5><h5 style=\"text-align: left;\">Si trova nel centro storico di Adria, di fronte al Teatro Comunale, lungo Riviera Giacomo Matteotti al civico 5.<\/h5><div>\u00a0<\/div><h5 style=\"text-align: left;\"><span style=\"text-decoration: underline;\"><strong>I servizi che Attica Viaggi offre:<\/strong><\/span><\/h5><h6 style=\"text-align: left;\">\u2022\u00a0 Biglietteria ferroviaria (Trenitalia\/Italo)<\/h6><h6 style=\"text-align: left;\">\u2022\u00a0 Biglietteria aerea e marittima<\/h6><h6 style=\"text-align: left;\">\u2022\u00a0 Biglietteria bus (Flixbus)<\/h6><h6 style=\"text-align: left;\">\u2022\u00a0 Organizzazione viaggi di gruppo<\/h6><h6 style=\"text-align: left;\">\u2022\u00a0 Organizzazione viaggi personalizzati<\/h6><h6 style=\"text-align: left;\">\u2022\u00a0 Servizio Hostess\/Interprete<\/h6><h6 style=\"text-align: left;\">\u2022\u00a0 Service Point DHL<\/h6><h6 style=\"text-align: left;\">\u2022\u00a0 Crociere<\/h6><h6 style=\"text-align: left;\">\u2022\u00a0 Viaggi di nozze<\/h6><h6 style=\"text-align: left;\">\u2022\u00a0 Escursioni con accompagnatore<\/h6><h6 style=\"text-align: left;\">\u2022\u00a0 Biglietteria per Concerti, Teatro, Sport, Musei e Mostre<\/h6><h6 style=\"text-align: left;\">\u2022\u00a0 Organizzazione Congressi<\/h6><h6 style=\"text-align: left;\">\u2022\u00a0 Noleggio Auto\/Bus<\/h6><h6 style=\"text-align: left;\">\u2022\u00a0 Viaggi Last Minute<\/h6><h6 style=\"text-align: left;\">\u2022\u00a0 Consegna a domicilio documenti (solo per aziende)<\/h6><h6 style=\"text-align: left;\">\u2022\u00a0 Cofanetti regalo<\/h6>\t\t\t\t\t\t\t\t<\/div>\n\t\t\t\t<\/div>\n\t\t\t\t\t<\/div>\n\t\t<\/div>\n\t\t\t\t\t<\/div>\n\t\t<\/section>\n\t\t\t\t<section class=\"elementor-section elementor-top-section elementor-element elementor-element-2e72771 elementor-section-boxed elementor-section-height-default elementor-section-height-default\" data-id=\"2e72771\" data-element_type=\"section\" data-e-type=\"section\">\n\t\t\t\t\t\t<div class=\"elementor-container elementor-column-gap-default\">\n\t\t\t\t\t<div class=\"elementor-column elementor-col-100 elementor-top-column elementor-element elementor-element-245d706\" data-id=\"245d706\" data-element_type=\"column\" data-e-type=\"column\">\n\t\t\t<div class=\"elementor-widget-wrap elementor-element-populated\">\n\t\t\t\t\t\t<div class=\"elementor-element elementor-element-22e4f05 elementor-arrows-position-inside elementor-pagination-position-outside elementor-widget elementor-widget-image-carousel\" data-id=\"22e4f05\" data-element_type=\"widget\" data-e-type=\"widget\" data-settings=\"{&quot;pause_on_hover&quot;:&quot;no&quot;,&quot;infinite&quot;:&quot;no&quot;,&quot;image_spacing_custom&quot;:{&quot;unit&quot;:&quot;px&quot;,&quot;size&quot;:30,&quot;sizes&quot;:[]},&quot;navigation&quot;:&quot;both&quot;,&quot;autoplay&quot;:&quot;yes&quot;,&quot;pause_on_interaction&quot;:&quot;yes&quot;,&quot;autoplay_speed&quot;:5000,&quot;speed&quot;:500,&quot;image_spacing_custom_tablet&quot;:{&quot;unit&quot;:&quot;px&quot;,&quot;size&quot;:&quot;&quot;,&quot;sizes&quot;:[]},&quot;image_spacing_custom_mobile&quot;:{&quot;unit&quot;:&quot;px&quot;,&quot;size&quot;:&quot;&quot;,&quot;sizes&quot;:[]}}\" data-widget_type=\"image-carousel.default\">\n\t\t\t\t<div class=\"elementor-widget-container\">\n\t\t\t\t\t\t\t<div class=\"elementor-image-carousel-wrapper swiper\" role=\"region\" aria-roledescription=\"carousel\" aria-label=\"Carosello d&#039;immagini\" dir=\"ltr\">\n\t\t\t<div class=\"elementor-image-carousel swiper-wrapper\" aria-live=\"off\">\n\t\t\t\t\t\t\t\t<div class=\"swiper-slide\" role=\"group\" aria-roledescription=\"slide\" aria-label=\"1 di 8\"><figure class=\"swiper-slide-inner\"><img decoding=\"async\" class=\"swiper-slide-image\" src=\"http:\/\/www.atticaviaggi.it\/wp-content\/uploads\/2020\/09\/TRENITALIA-PNG.png\" alt=\"TRENITALIA PNG\" \/><\/figure><\/div><div class=\"swiper-slide\" role=\"group\" aria-roledescription=\"slide\" aria-label=\"2 di 8\"><figure class=\"swiper-slide-inner\"><img decoding=\"async\" class=\"swiper-slide-image\" src=\"http:\/\/www.atticaviaggi.it\/wp-content\/uploads\/2020\/09\/ITALO-PNG.png\" alt=\"ITALO PNG\" \/><\/figure><\/div><div class=\"swiper-slide\" role=\"group\" aria-roledescription=\"slide\" aria-label=\"3 di 8\"><figure class=\"swiper-slide-inner\"><img decoding=\"async\" class=\"swiper-slide-image\" src=\"http:\/\/www.atticaviaggi.it\/wp-content\/uploads\/2020\/09\/FLIXBUS-PNG.png\" alt=\"FLIXBUS PNG\" \/><\/figure><\/div><div class=\"swiper-slide\" role=\"group\" aria-roledescription=\"slide\" aria-label=\"4 di 8\"><figure class=\"swiper-slide-inner\"><img decoding=\"async\" class=\"swiper-slide-image\" src=\"http:\/\/www.atticaviaggi.it\/wp-content\/uploads\/2020\/09\/DHL-PNG.png\" alt=\"DHL PNG\" \/><\/figure><\/div><div class=\"swiper-slide\" role=\"group\" aria-roledescription=\"slide\" aria-label=\"5 di 8\"><figure class=\"swiper-slide-inner\"><img decoding=\"async\" class=\"swiper-slide-image\" src=\"http:\/\/www.atticaviaggi.it\/wp-content\/uploads\/2020\/09\/COSTA-PNG.png\" alt=\"COSTA PNG\" \/><\/figure><\/div><div class=\"swiper-slide\" role=\"group\" aria-roledescription=\"slide\" aria-label=\"6 di 8\"><figure class=\"swiper-slide-inner\"><img decoding=\"async\" class=\"swiper-slide-image\" src=\"http:\/\/www.atticaviaggi.it\/wp-content\/uploads\/2020\/09\/MSC-PNG.png\" alt=\"MSC PNG\" \/><\/figure><\/div><div class=\"swiper-slide\" role=\"group\" aria-roledescription=\"slide\" aria-label=\"7 di 8\"><figure class=\"swiper-slide-inner\"><img decoding=\"async\" class=\"swiper-slide-image\" src=\"http:\/\/www.atticaviaggi.it\/wp-content\/uploads\/2020\/09\/DIMORE-PNG.png\" alt=\"DIMORE PNG\" \/><\/figure><\/div><div class=\"swiper-slide\" role=\"group\" aria-roledescription=\"slide\" aria-label=\"8 di 8\"><figure class=\"swiper-slide-inner\"><img decoding=\"async\" class=\"swiper-slide-image\" src=\"http:\/\/www.atticaviaggi.it\/wp-content\/uploads\/2020\/09\/SMART-PNG.png\" alt=\"SMART PNG\" \/><\/figure><\/div>\t\t\t<\/div>\n\t\t\t\t\t\t\t\t\t\t\t\t<div class=\"elementor-swiper-button elementor-swiper-button-prev\" role=\"button\" tabindex=\"0\">\n\t\t\t\t\t\t<i aria-hidden=\"true\" class=\"eicon-chevron-left\"><\/i>\t\t\t\t\t<\/div>\n\t\t\t\t\t<div class=\"elementor-swiper-button elementor-swiper-button-next\" role=\"button\" tabindex=\"0\">\n\t\t\t\t\t\t<i aria-hidden=\"true\" class=\"eicon-chevron-right\"><\/i>\t\t\t\t\t<\/div>\n\t\t\t\t\n\t\t\t\t\t\t\t\t\t<div class=\"swiper-pagination\"><\/div>\n\t\t\t\t\t\t\t\t\t<\/div>\n\t\t\t\t\t\t<\/div>\n\t\t\t\t<\/div>\n\t\t\t\t\t<\/div>\n\t\t<\/div>\n\t\t\t\t\t<\/div>\n\t\t<\/section>\n\t\t\t\t<section class=\"elementor-section elementor-top-section elementor-element elementor-element-3848fc3 elementor-section-boxed elementor-section-height-default elementor-section-height-default\" data-id=\"3848fc3\" data-element_type=\"section\" data-e-type=\"section\">\n\t\t\t\t\t\t<div class=\"elementor-container elementor-column-gap-default\">\n\t\t\t\t\t<div class=\"elementor-column elementor-col-100 elementor-top-column elementor-element elementor-element-6c5b3e3\" data-id=\"6c5b3e3\" data-element_type=\"column\" data-e-type=\"column\">\n\t\t\t<div class=\"elementor-widget-wrap elementor-element-populated\">\n\t\t\t\t\t\t<div class=\"elementor-element elementor-element-18174f2 elementor-widget elementor-widget-text-editor\" data-id=\"18174f2\" data-element_type=\"widget\" data-e-type=\"widget\" data-widget_type=\"text-editor.default\">\n\t\t\t\t<div class=\"elementor-widget-container\">\n\t\t\t\t\t\t\t\t\t<p>La nostra agenzia opera nel pieno rispetto delle normative vigenti in materia di turismo, offrendo ai nostri clienti la massima trasparenza e tutela.<\/p><p style=\"text-align: center;\">POLIZZA DI RESPONSABILITA&#8217; CIVILE PROFESSIONALE<\/p><p style=\"text-align: left;\">In ottemperanza all&#8217;art. 50 del Codice del Turismo (D.Lgs. 79\/2011), la nostra agenzia \u00e8 coperta da polizza assicurativa per la responsabilit\u00e0 civile professionale.<\/p><p>Compagnia assicurativa: EUROP ASSISTANCE ITALIA SPA<\/p><p>Numero di polizza: 4091919<\/p><p>Massimale garantito: 2.100.000,00 \u20ac<\/p><p style=\"text-align: center;\">FONDO GARANZIA<\/p><p>In conformit\u00e0 all&#8217;art. 47 del Codice del Turismo, garantiamo ai nostri clienti la protezione in caso di insolvenza o fallimento, a copertura di :<\/p><ul><li>rimborso dei pagamenti effettuati;<\/li><li>rientro del viaggiatore in caso di viaggio in corso.<\/li><\/ul><div>\u00a0<\/div><div style=\"text-align: left;\">Fornitore della garanzia: NOBIS SPA<br \/>N\u00b0 garanzia\/polizza : 6006001541\/H<\/div><div style=\"text-align: left;\">\u00a0<\/div><div style=\"text-align: center;\">ASSICURAZIONI FACOLTATIVE PER IL VIAGGIATORE<\/div><div>\u00a0<\/div><div>Offriamo inoltre la possibilit\u00e0 di sottoscrivere polizze assicurative a tutela del viaggiatore, come:<br \/><br \/><\/div><ul><li>Assicurazione medico-sanitaria<\/li><li>Assicurazione annullamento viaggio<\/li><li>Assicurazione bagaglio<\/li><\/ul><p>\u00a0<\/p><p>Le condizioni e i dettagli delle coperture sono disponibili presso la nostra agenzia.<\/p><div>\u00a0<\/div>\t\t\t\t\t\t\t\t<\/div>\n\t\t\t\t<\/div>\n\t\t\t\t\t<\/div>\n\t\t<\/div>\n\t\t\t\t\t<\/div>\n\t\t<\/section>\n\t\t\t\t<\/div>\n\t\t","protected":false},"excerpt":{"rendered":"<p>\u00a0Nata nel 1995 dalla passione di Laura per il turismo e per i viaggi, Attica Viaggi offre un servizio su misura con pacchetti esclusivi e personalizzati.\u00c8 specializzata nell\u2019organizzazione di viaggi di gruppo, individuali e turismo scolastico, presentando un\u2019ampio ventaglio di proposte nazionali ed internazionali. Da sempre Attica Viaggi seleziona i migliori tour operator per proporre [&hellip;]<\/p>\n","protected":false},"author":1,"featured_media":223,"parent":0,"menu_order":0,"comment_status":"closed","ping_status":"closed","template":"page-templates\/full-width-page.php","meta":{"footnotes":""},"class_list":["post-7","page","type-page","status-publish","has-post-thumbnail","hentry"],"_links":{"self":[{"href":"http:\/\/www.atticaviaggi.it\/index.php?rest_route=\/wp\/v2\/pages\/7","targetHints":{"allow":["GET"]}}],"collection":[{"href":"http:\/\/www.atticaviaggi.it\/index.php?rest_route=\/wp\/v2\/pages"}],"about":[{"href":"http:\/\/www.atticaviaggi.it\/index.php?rest_route=\/wp\/v2\/types\/page"}],"author":[{"embeddable":true,"href":"http:\/\/www.atticaviaggi.it\/index.php?rest_route=\/wp\/v2\/users\/1"}],"replies":[{"embeddable":true,"href":"http:\/\/www.atticaviaggi.it\/index.php?rest_route=%2Fwp%2Fv2%2Fcomments&post=7"}],"version-history":[{"count":20,"href":"http:\/\/www.atticaviaggi.it\/index.php?rest_route=\/wp\/v2\/pages\/7\/revisions"}],"predecessor-version":[{"id":3288,"href":"http:\/\/www.atticaviaggi.it\/index.php?rest_route=\/wp\/v2\/pages\/7\/revisions\/3288"}],"wp:featuredmedia":[{"embeddable":true,"href":"http:\/\/www.atticaviaggi.it\/index.php?rest_route=\/wp\/v2\/media\/223"}],"wp:attachment":[{"href":"http:\/\/www.atticaviaggi.it\/index.php?rest_route=%2Fwp%2Fv2%2Fmedia&parent=7"}],"curies":[{"name":"wp","href":"https:\/\/api.w.org\/{rel}","templated":true}]}}